ase 13.
-7
What is 2 (base 16) in base 5?
2
-1 (base 7) to base 9
-1
2 (base 15) to base 7
2
Convert -2 (base 12) to base 16.
-2
What is -246 (base 7) in base 3?
-11220
What is 16b (base 14) in base 6?
1203
What is 0 (base 11) in base 6?
0
-1 (base 10) to base 11
-1
Convert 3 (base 14) to base 5.
3
0 (base 4) to base 3
0
Convert -1 (base 16) to base 7.
-1
What is 44 (base 15) in base 11?
59
Convert -5a (base 12) to base 10.
-70
-107 (base 9) to base 4
-1120
Convert 1 (base 10) to base 3.
1
-1c (base 13) to base 8
-31
a (base 15) to base 12
a
b (base 14) to base 8
13
-1 (base 15) to base 6
-1
What is -100 (base 5) in base 8?
-31
What is -6 (base 11) in base 8?
-6
20 (base 5) to base 7
13
-168 (base 15) to base 10
-323
-14 (base 7) to base 12
-b
What is -2 (base 15) in base 4?
-2
Convert 200 (base 3) to base 10.
18
What is 4 (base 12) in base 6?
4
Convert 0 (base 3) to base 12.
0
-28 (base 14) to base 12
-30
-5 (base 13) to base 8
-5
-12 (base 9) to base 4
-23
Convert 3 (base 6) to base 12.
3
What is 23 (base 14) in base 8?
37
What is 232 (base 4) in base 11?
42
-10022 (base 3) to base 10
-89
What is 100101 (base 2) in base 12?
31
Convert -20 (base 6) to base 7.
-15
Convert -163 (base 8) to base 2.
-1110011
What is 142 (base 7) in base 4?
1033
20 (base 12) to base 10
24
-34 (base 16) to base 6
-124
Convert -63 (base 12) to base 3.
-2210
Convert 5 (base 11) to base 14.
5
What is 1 (base 12) in base 13?
1
Convert -10 (base 2) to base 6.
-2
What is -1020 (base 3) in base 2?
-100001
What is 38 (base 11) in base 10?
41
Convert -221 (base 6) to base 5.
-320
Convert 21020 (base 3) to base 2.
11000011
Convert 1 (base 13) to base 9.
1
8 (base 13) to base 7
11
What is 0 (base 15) in base 4?
0
-3 (base 13) to base 14
-3
-30 (base 11) to base 8
-41
What is -1 (base 13) in base 5?
-1
What is -3 (base 6) in base 2?
-11
What is -357 (base 9) in base 2?
-100100111
Convert -45 (base 15) to base 8.
-101
What is 76 (base 10) in base 3?
2211
Convert -1 (base 8) to base 15.
-1
76 (base 11) to base 3
10002
What is -4 (base 11) in base 7?
-4
-1 (base 10) to base 5
-1
Convert 0 (base 2) to base 11.
0
-100001100 (base 2) to base 7
-532
Convert -11000011 (base 2) to base 9.
-236
Convert 1 (base 10) to base 11.
1
What is -2 (base 10) in base 16?
-2
What is -330 (base 5) in base 16?
-5a
Convert 0 (base 8) to base 9.
0
Convert 0 (base 9) to base 12.
0
What is -2 (base 14) in base 8?
-2
214 (base 7) to base 14
7b
Convert -1db (base 14) to base 7.
-1064
2103 (base 4) to base 14
a7
Convert 18 (base 14) to base 16.
16
What is 87 (base 15) in base 2?
1111111
Convert 5 (base 11) to base 16.
5
-3 (base 12) to base 7
-3
What is 4 (base 16) in base 4?
10
What is 2 (base 13) in base 10?
2
Convert 200 (base 3) to base 16.
12
8 (base 13) to base 2
1000
Convert 0 (base 12) to base 5.
0
13 (base 12) to base 8
17
-110 (base 4) to base 12
-18
What is 3 (base 12) in base 8?
3
-3 (base 5) to base 8
-3
-201 (base 6) to base 8
-111
Convert 100 (base 3) to base 13.
9
What is -1 (base 16) in base 7?
-1
What is 12 (base 14) in base 4?
100
What is -23 (base 10) in base 16?
-17
What is -22 (base 7) in base 5?
-31
What is 2a (base 13) in base 6?
100
-3 (base 7) to base 3
-10
64 (base 11) to base 14
50
What is -3 (base 15) in base 11?
-3
Convert 212 (base 10) to base 13.
134
1 (base 7) to base 9
1
What is 201 (base 3) in base 6?
31
Convert -533 (base 7) to base 2.
-100001101
Convert 11 (base 11) to base 2.
1100
Convert -2 (base 7) to base 6.
-2
What is -102 (base 3) in base 16?
-b
What is -56 (base 7) in base 3?
-1112
What is -22 (base 3) in base 13?
-8
-41 (base 16) to base 9
-72
-2212 (base 4) to base 9
-204
What is -97 (base 11) in base 16?
-6a
What is -114 (base 6) in base 8?
-56
2 (base 5) to base 11
2
What is 2 (base 10) in base 8?
2
-10 (base 3) to base 9
-3
1010 (base 2) to base 14
a
What is 7 (base 11) in base 14?
7
135 (base 11) to base 9
186
What is -40 (base 11) in base 3?
-1122
5 (base 8) to base 13
5
What is 1 (base 6) in base 7?
1
What is 10 (base 2) in base 3?
2
Convert 1111 (base 2) to base 10.
15
7 (base 9) to base 12
7
What is -111 (base 5) in base 11?
-29
3 (base 10) to base 11
3
Convert 105 (base 8) to base 13.
54
44 (base 9) to base 8
50
What is -2 (base 10) in base 7?
-2
Convert -11 (base 4) to base 6.
-5
Convert -66 (base 7) to base 14.
-36
What is -23 (base 8) in base 6?
-31
Convert -2 (base 11) to base 8.
-2
What is 1 (base 10) in base 13?
1
Convert 2 (base 9) to base 10.
2
What is 1 (base 8) in base 9?
1
What is 10 (base 15) in base 14?
11
What is 2 (base 15) in base 5?
2
What is -100 (base 2) in base 8?
-4
What is 13 (base 4) in base 13?
7
What is 3 (base 7) in base 16?
3
-61 (base 12) to base 6
-201
What is -2 (base 8) in base 11?
-2
-7 (base 14) to base 3
-21
What is -5 (base 8) in base 10?
-5
-1100 (base 2) to base 5
-22
1000 (base 2) to base 16
8
What is 21 (base 8) in base 9?
18
-1 (base 14) to base 10
-1
-8 (base 11) to base 10
-8
What is 2 (base 7) in base 5?
2
What is -2 (base 13) in base 2?
-10
What is -89 (base 15) in base 4?
-2001
What is -23 (base 4) in base 2?
-1011
What is 1 (base 10) in base 3?
1
-11 (base 15) to base 9
-17
Convert -111 (base 9) to base 8.
-133
Convert 1 (base 10) to base 12.
1
What is -20 (base 6) in base 7?
-15
-2 (base 9) to base 10
-2
Convert -5 (base 15) to base 11.
-5
Convert 230 (base 5) to base 15.
45
Convert -101010 (base 2) to base 12.
-36
What is 9 (base 10) in base 11?
9
Convert -19 (base 14) to base 8.
-27
1 (base 13) to base 2
1
1 (base 15) to base 14
1
-2 (base 12) to base 14
-2
Convert 2 (base 14) to base 10.
2
What is 0 (base 15) in base 3?
0
Convert 2 (base 7) to base 11.
2
What is b8 (base 13) in base 10?
151
Convert 223 (base 4) to base 11.
3a
What is -2 (base 9) in base 8?
-2
8 (base 14) to base 2
1000
Convert 1d (base 16) to base 14.
21
-3 (base 13) to base 15
-3
What is -21012 (base 3) in base 9?
-235
-1 (base 5) to base 13
-1
0 (base 13) to base 2
0
8 (base 15) to base 9
8
Convert 3 (base 4) to base 16.
3
Convert 3 (base 7) to base 13.
3
1 (base 10) to base 11
1
531 (base 6) to base 3
21101
What is 21 (base 3) in base 16?
7
What is -24 (base 5) in base 16?
-e
-4 (base 13) to base 3
-11
Convert b (base 16) to base 6.
15
What is 2001 (base 3) in base 4?
313
-4 (base 13) to base 11
-4
2 (base 5) to base 12
2
-107 (base 8) to base 12
-5b
Convert 10 (base 8) to base 15.
8
-110 (base 2) to base 13
-6
-101 (base 2) to base 13
-5
-a (base 12) to base 10
-10
Convert -10 (base 15) to base 2.
-1111
-2 (base 4) to base 6
-2
Convert -20 (base 3) to base 13.
-6
-2 (base 7) to base 10
-2
Convert -5 (base 13) to base 7.
-5
-47 (base 14) to base 3
-2100
What is 78 (base 9) in base 15?
4b
Convert 84 (base 12) to base 13.
79
-9 (base 11) to base 2
-1001
Convert -1b (base 14) to base 8.
-31
-2 (base 3) to base 2
-10
-22 (base 9) to base 14
-16
What is 16 (base 12) in base 2?
10010
Convert 34 (base 7) to base 5.
100
Convert -21 (base 7) to base 13.
-12
Convert 10111 (base 2) to base 6.
35
4 (base 16) to base 7
4
Convert -2 (base 14) to base 3.
-2
What is 1222 (base 3) in base 6?
125
1 (base 11) to base 16
1
What is -44 (base 7) in base 4?
-200
3 (base 12) to base 14
3
Convert -32 (base 14) to base 4.
-230
What is 0 (base 16) in base 2?
0
Convert 311 (base 6) to base 10.
115
111 (base 2) to base 3
21
Convert -136 (base 8) to base 6.
-234
Convert -111 (base 4) to base 13.
-18
-4 (base 8) to base 16
-4
9 (base 10) to base 14
9
1 (base 5) to base 16
1
3 (base 5) to base 10
3
-5 (base 8) to base 2
-101
Convert -12 (base 12) to base 13.
-11
Convert 13 (base 14) to base 13.
14
Convert 1 (base 7) to base 9.
1
-4 (base 5) to base 4
-10
Convert -4 (base 10) to base 4.
-10
What is 2310 (base 4) in base 16?
b4
1 (base 6) to base 3
1
Convert -1 (base 11) to base 12.
-1
10 (base 2) to base 16
2
Convert -5 (base 12) to base 8.
-5
b (base 14) to base 13
b
What is -13 (base 8) in base 5?
-21
What is -16 (base 12) in base 16?
-12
Convert 212 (base 5) to base 11.
52
Convert 13 (base 9) to base 6.
20
What is -140 (base 5) in base 6?
-113
Convert 10 (base 3) to base 14.
3
What is -3 (base 5) in base 13?
-3
2 (base 16) to base 12
2
What is 100 (base 2) in base 8?
4
Convert -3 (base 15) to base 9.
-3
What is -20 (base 5) in base 13?
-a
Convert -4 (base 12)